mber?
False
Is 431047 a prime number?
True
Is 479 composite?
False
Is 237959 composite?
False
Is 22147 composite?
False
Is 117155 a composite number?
True
Is 11549 composite?
False
Is 531457 a prime number?
True
Is 42371 a prime number?
False
Is 1738346 a prime number?
False
Is 93823 a composite number?
True
Is 30131 a prime number?
False
Is 271451 prime?
True
Is 17657 a composite number?
False
Is 2861 composite?
False
Is 38527 a composite number?
True
Is 5627 a composite number?
True
Is 902735 prime?
False
Is 788351 a composite number?
False
Is 34693 composite?
False
Is 103043 a prime number?
True
Is 81163 composite?
False
Is 1581007 prime?
True
Is 548951 a prime number?
False
Is 31139 composite?
False
Is 1551791 composite?
False
Is 153841 composite?
False
Is 345547 a composite number?
False
Is 1392497 prime?
True
Is 422909 a prime number?
False
Is 29833 a prime number?
True
Is 244291 a composite number?
False
Is 36433 a prime number?
True
Is 5947 a composite number?
True
Is 28327 composite?
True
Is 849161 a composite number?
False
Is 320077 a composite number?
True
Is 86923 prime?
True
Is 112669 prime?
False
Is 381629 a composite number?
False
Is 48157 prime?
True
Is 6803 prime?
True
Is 1117 a prime number?
True
Is 142735 prime?
False
Is 1939 prime?
False
Is 374183 prime?
False
Is 156941 a composite number?
False
Is 1471339 composite?
False
Is 350627 prime?
False
Is 66901 a prime number?
False
Is 1594 prime?
False
Is 8887 prime?
True
Is 13165 a prime number?
False
Is 134773 prime?
False
Is 2927905 prime?
False
Is 129977 composite?
True
Is 18301 prime?
True
Is 796839 a composite number?
True
Is 148171 a composite number?
False
Is 5953 a composite number?
False
Is 18787 a prime number?
True
Is 6173 a prime number?
True
Is 53969 a prime number?
False
Is 1623 a prime number?
False
Is 4489 a composite number?
True
Is 50749 prime?
False
Is 689827 a prime number?
True
Is 180281 a composite number?
False
Is 314729 a prime number?
False
Is 625971 composite?
True
Is 267187 a composite number?
False
Is 33577 a composite number?
False
Is 3967 composite?
False
Is 6959 prime?
True
Is 8035 a composite number?
True
Is 3641 prime?
False
Is 1754 a composite number?
True
Is 125162 a composite number?
True
Is 787639 a prime number?
True
Is 654365 prime?
False
Is 14969 composite?
False
Is 186933 a prime number?
False
Is 277669 a composite number?
True
Is 12113 a composite number?
False
Is 232761 prime?
False
Is 2843 composite?
False
Is 169577 a composite number?
True
Is 482767 a prime number?
True
Is 137537 composite?
False
Is 583 a prime number?
False
Is 28733 a prime number?
False
Is 52961 a prime number?
False
Is 40459 prime?
True
Is 2237 prime?
True
Is 518447 a prime number?
True
Is 377329 prime?
True
Is 3613 a prime number?
True
Is 37603 a composite number?
True
Is 217253 composite?
False
Is 32473 a composite number?
True
Is 63033 composite?
True
Is 5349027 a prime number?
False
Is 4855 a composite number?
True
Is 16129 a composite number?
True
Is 281963 composite?
True
Is 181009 a prime number?
False
Is 58537 composite?
False
Is 4727 a prime number?
False
Is 2286601 composite?
False
Is 28283 a composite number?
False
Is 4663 prime?
True
Is 69791 prime?
False
Is 2506153 a prime number?
False
Is 2427 a composite number?
True
Is 2634581 composite?
True
Is 9533 prime?
True
Is 31303 a composite number?
True
Is 480517 a composite number?
False
Is 455309 a composite number?
False
Is 30553 composite?
False
Is 246581 prime?
False
Is 30209 prime?
False
Is 650213 a prime number?
True
Is 115201 composite?
False
Is 140329 a composite number?
True
Is 685781 composite?
False
Is 96749 composite?
False
Is 2943649 a prime number?
True
Is 38429 a prime number?
False
Is 1008317 composite?
False
Is 465259 a prime number?
True
Is 63889 prime?
False
Is 42329 composite?
True
Is 192737 a prime number?
True
Is 1393451 prime?
True
Is 16151 prime?
False
Is 5086 a prime number?
False
Is 11983 a composite number?
True
Is 287537 composite?
False
Is 5039 a prime number?
True
Is 20873 a prime number?
True
Is 18427 composite?
False
Is 193163 a prime number?
True
Is 60757 a composite number?
False
Is 7349 composite?
False
Is 1953161 a prime number?
False
Is 57437 a composite number?
True
Is 39149 composite?
True
Is 75593 a prime number?
False
Is 30211 a prime number?
True
Is 2721 a composite number?
True
Is 2598409 a prime number?
False
Is 3135661 a prime number?
True
Is 250583 a prime number?
True
Is 1195 composite?
True
Is 30773 composite?
False
Is 818 prime?
False
Is 127369 prime?
False
Is 237815 composite?
True
Is 787 prime?
True
Is 169811 composite?
True
Is 22433 composite?
False
Is 35051 prime?
True
Is 406457 a composite number?
True
Is 766435 a prime number?
False
Is 189803 prime?
False
Is 420149 a prime number?
True
Is 45611 a prime number?
False
Is 36111 a prime number?
False
Is 51523 a composite number?
True
Is 195565 a prime number?
False
Is 182581 composite?
True
Is 1081 a prime number?
False
Is 37451 composite?
True
Is 7067 a prime number?
False
Is 62177 prime?
False
Is 11721 a composite number?
True
Is 1502831 a composite number?
True
Is 68317 prime?
False
Is 543757 prime?
False
Is 295993 composite?
False
Is 173203 a composite number?
True
Is 2677991 a composite number?
True
Is 1174571 a composite number?
False
Is 54719 prime?
False
Is 469562 a prime number?
False
Is 2237 composite?
False
Is 93683 prime?
True
Is 15121 prime?
True
Is 4771 composite?
True
Is 33287 a prime number?
True
Is 2761 a prime number?
False
Is 474119 a prime number?
True
Is 262937 composite?
False
Is 4629 composite?
True
Is 104527 a prime number?
True
Is 1314903 a composite number?
True
Is 2053 prime?
True
Is 11923 prime?
True
Is 31547 composite?
False
Is 4861 prime?
True
Is 54722 a composite number?
True
Is 2861995 a prime number?
False
Is 30145 prime?
False
Is 10869 prime?
False
Is 116209 a prime number?
False
Is 126421 composite?
False
Is 44351 a prime number?
True
Is 488947 composite?
False
Is 7851 prime?
False
Is 6385 prime?
False
Is 916291 composite?
False
Is 376307 a composite number?
False
Is 3842641 composite?
True
Is 18533 prime?
False
Is 561461 prime?
True
Is 155327 a composite number?
False
Is 834113 composite?
True
Is 199583 composite?
False
Is 430631 prime?
False
Is 3671 a prime number?
True
Is 9763 a composite number?
True
Is 14128705 prime?
False
Is 419 prime?
True
Is 8573 composite?
False
Is 46073 a composite number?
False
Is 5437 prime?
True
Is 50497 a prime number?
True
Is 2148149 prime?
True
Is 162671 composite?
False
Is 5623 a composite number?
False
Is 25057 a composite number?
False
Is 22559 composite?
True
Is 19841 a composite number?
False
Is 206966 a prime number?
False
Is 3163 a prime number?
True
Is 5155 prime?
False
Is 5669 a composite number?
False
Is 493 a composite number?
True
Is 11113 prime?
True
Is 33697 prime?
False
Is 603409 composite?
True
Is 94201 a composite number?
False
Is 825959 prime?
True
Is 49711 a prime number?
True
Is 67927 a prime number?
True
Is 401843 prime?
False
Is 2777 composite?
False
Is 15599 composite?
True
Is 120217 prime?
False
Is 7453 a composite number?
True
Is 327869 a prime number?
True
Is 227237 prime?
False
Is 20063 a composite number?
False
Is 237493 prime?
False
Is 4643 a composite number?
False
Is 1395877 a prime number?
False
Is 86969 a composite number?
False
Is 802523 a prime number?
True
Is 793537 prime?
True
Is 188758 a prime number?
False
Is 24098 a composite number?
True
Is 66587 a composite number?
False
Is 27509 composite?
False
Is 104459 composite?
False
Is 92129 prime?
False
Is 90313 a prime number?
True
Is 12449 a prime number?
False
Is 4009 a composite number?
True
Is 302057 a prime number?
False
Is 124277 a composite number?
False
Is 543583 a composite number?
True
Is 40505 a composite number?
True
Is 58027 prime?
True
Is 658001 a composite number?
False
Is 3943 a prime number?
True
Is 1102001 prime?
True
Is 149143 a prime number?
True
Is 1249397 composite?
False
Is 54169 a prime number?
False
Is 31601 prime?
True
Is 1969 a prime number?
False
Is 27299 composite?
False
Is 41279 composite?
True
Is 1973 a prime number?
True
Is 62681 a prime number?
False
Is 19619 a prime number?
False
Is 4357 a composite number?
False
Is 